22. Calculate the remainder when 84 is divided by r(7).
26
Let p = -21 + 135. Calculate the remainder when p is divided by 9.
6
Suppose 0*h - h = 37. Let v = h - -65. Let f = -1509 - -1619. Calculate the remainder when f is divided by v.
26
Let y(x) = 34*x**2 + 2*x - 2. Let s be y(-2). Let r = s - 70. What is the remainder when r is divided by 16?
12
Suppose -p - 10 = -t + 5, -5*p = 3*t - 69. Suppose -3*z = -t - 63. What is the remainder when z is divided by (0 - 0)/1 + 7?
6
Let h be -2 - (-3)/(3/(-49)). Let n = -26 - h. Let x = 101 + -94. Calculate the remainder when n is divided by x.
4
Suppose -34*q + 36*q - 758 = 0. What is the remainder when q is divided by 98?
85
Let o(h) = -6*h**3 - 13*h**2 + 4*h - 7. What is the remainder when o(-5) is divided by 31?
26
Suppose -18 = 36*z - 41*z - 4*h, 2*z + h = 9. Suppose -7*i = -3*i + 36. What is the remainder when (i/(-5))/(1/5) is divided by z?
3
Suppose 5*f - 73 = 47. Suppose -25*j + f = -21*j. What is the remainder when 21 is divided by j?
3
Suppose 114 = 2*p - 2*u, 2*u + 188 = 3*p + 17. Let n = 146 + -136. Calculate the remainder when p is divided by n.
7
Let d(l) = 5*l**2 + 2*l - 1. Suppose y + 5*w = 34, -2*y = -w - 6 - 7. Calculate the remainder when y is divided by d(1).
3
Let c be (-374)/(-33) + 4/6. Suppose z - 18 = -z. Calculate the remainder when 2/8 - (-297)/c is divided by z.
7
Let v(d) = -8*d - 9. Let m be v(-5). Suppose 4*k - 45 = m. What is the remainder when k is divided by 7?
5
Suppose -n + 23 = x, -82 = -3*n - 2*x - 12. Calculate the remainder when 75 is divided by n.
3
Suppose 0*a + 16 = 2*a. Let o = a - -8. Calculate the remainder when 371/8 - (-42)/(-112) is divided by o.
14
Suppose 0 = 4*s - 3 - 5. Suppose -5*u - k + 30 = 0, 3*u = 7*u + 2*k - 24. What is the remainder when 19 - s*-1*1 is divided by u?
3
Let r = 906 + -892. What is the remainder when 360 is divided by r?
10
Suppose -42 = -4*r - 3*x, -4*r + 2*x - 15 = -67. What is the remainder when 35 is divided by r?
11
Suppose 2*r + 8*r - 940 = 0. Let a = r - -79. What is the remainder when a is divided by 44?
41
Let a(p) = -p**3 - 9*p**2 - 9*p + 4. Let z(r) = -3*r - 19. Let g be z(-8). Suppose -g*y + 230 = -0. Calculate the remainder when y is divided by a(-8).
10
Let i = 573 + -485. What is the remainder when i is divided by 10?
8
Suppose 38*x - 59*x + 1953 = 0. What is the remainder when x is divided by 25?
18
Calculate the remainder when (-460)/(-4) + 6 + -7 is divided by 23.
22
Let l(a) = -4*a + 35. Let v be l(9). Calculate the remainder when 1/6 - (v + 426/(-36)) is divided by 5.
3
Suppose 0 - 13 = -2*w + 5*a, -4*w + 66 = -2*a. Let k = 12 - w. Let g = k - -18. What is the remainder when 30 is divided by g?
8
Let p = -18 + 24. Suppose -g + 5*o = -p*g, 5*g - 4*o = -9. Calculate the remainder when 19 is divided by -4 - (g + -14 - 0).
8
Calculate the remainder when 16 is divided by ((-54)/(-4))/3*(-64)/(-48).
4
Let f = 300 + -292. Calculate the remainder when 35 is divided by f.
3
Let u(o) = 2*o**2 - 5*o + 1. Let c be u(7). Suppose c = 2*n - 6. What is the remainder when n is divided by 18?
17
Suppose 3*b - 80 = -5*v, v + 58 = 5*b - 38. Calculate the remainder when 67 is divided by b.
7
Let g be (0 - (5 + -1))/(-2). Suppose g*k - z = -k + 71, -2*k + 66 = 4*z. Calculate the remainder when k is divided by 13.
12
Suppose 4*f - 3*c - 59 = 0, -2*f + 28*c - 30*c + 26 = 0. Suppose 0 = 2*m - 5*m + 24. Calculate the remainder when f is divided by m.
6
Let v(i) = 32*i + 417. What is the remainder when v(-11) is divided by (-1)/2 + (-46)/(-4)?
10
Let w = 2166 - 1872. Calculate the remainder when w is divided by 102.
90
Let g = -12 - -9. Let l be -6*(-4 - 11/g). Suppose -21 + 97 = l*w. Calculate the remainder when w is divided by 13.
12
Let o = -56 - -88. Calculate the remainder when o is divided by 9/((-30)/(-8) + -3).
8
Suppose -4*m - 4*t + 44 = 0, 23*t - 18*t = 2*m - 43. Calculate the remainder when 401 is divided by m.
9
Let u be -2*(1/(-1) - 0). Suppose -11 = -u*n - 3. Suppose n + 6 = 2*s. What is the remainder when s is divided by 2?
1
Let p(y) = y**3 - 2. Let d be p(2). Let j(z) = 8*z - 8. Calculate the remainder when j(d) is divided by 21.
19
Let v be (-93)/(-2) + (-15)/10. Let m = -36 + v. What is the remainder when m is divided by 3*(-1*2)/(-2)?
0
Let j = 49 + -32. Suppose -j*v - 725 = -22*v. What is the remainder when v is divided by 37?
34
Suppose 5*o + 8*o - 416 = 0. What is the remainder when o is divided by ((-22)/(-4) + 0)*2?
10
Suppose 459 = 8*p - 5*p. Calculate the remainder when p is divided by 22.
21
Let d = 2 - -7. Let i be -3 + -10*(-3 - 1). Suppose 3*t - i = 65. What is the remainder when t is divided by d?
7
Let i(s) = s**3 + 2. Let k be i(0). Suppose 2*m = m + 3*q + 55, 0 = -5*m + k*q + 249. Let h = m + -3. Calculate the remainder when h is divided by 24.
22
Let f = 31 + -6. Let m = -4 + f. Calculate the remainder when m is divided by (-49)/(-6) + 1*(-1)/6.
5
Suppose -44*d + 1598 = -10*d. Calculate the remainder when 171 is divided by d.
30
Let l = -91 - -23. Let k = l - -78. Calculate the remainder when 48 is divided by k.
8
Let m(l) = 11*l - 16. Calculate the remainder when m(6) is divided by 13.
11
Suppose -2*h + 42 = 2*q, -3*q + 3*h - 31 = -4*q. Let y be 2*-1*(-57 + -1). Suppose 0 = -l + 5*l - y. Calculate the remainder when l is divided by q.
13
Let u = 29 - 28. What is the remainder when (-1 + u/3)*-21 is divided by (1/1)/(3/15)?
4
Calculate the remainder when (-28)/(-210)*-6 - (-734)/5 is divided by 74.
72
Let h = 121 + -172. Let p = h - -60. Calculate the remainder when 31 is divided by p.
4
Suppose -2*w = 7*p - 6*p - 15, -p - 4*w + 15 = 0. Suppose 11*d - 8*d = p. What is the remainder when 13 is divided by d?
3
Let s(j) = -3*j + 1. Suppose 15*c - 80 = 5*c. Calculate the remainder when s(-15) is divided by c.
6
Calculate the remainder when (-1096)/(-4)*(-9)/(-18) is divided by 74.
63
Suppose 9*h - 4*h = -20. Calculate the remainder when 1/2*((-20)/h - -173) is divided by 31.
27
Let s(r) = 0*r**3 + 2 + 0*r**3 - 2*r**2 + r**3. Let t be 7 - 4 - 4 - -4. Calculate the remainder when 21 is divided by s(t).
10
Suppose -28 = h - 5*h. Suppose -43 = -2*d + j - 4, 2*j = -6. Calculate the remainder when d is divided by h.
4
Suppose -36*n + 498 = -30*n. What is the remainder when n is divided by 44?
39
Let s(j) = j**2 + 5*j + 2. Let v be s(-5). Suppose 4*q - v = 18. Suppose -5*x - 2*c = -49, -q*x + 3*c + 30 = -x. What is the remainder when 17 is divided by x?
8
Let t be (-8)/(-6) + 1938/18. Suppose 131 + t = 5*o. Suppose g + o = 7*g. Calculate the remainder when 31 is divided by g.
7
Suppose -5*h = 5*n - 130, 2*h - 2*n = 3*h - 28. Let t = -266 + 255. Let m(a) = a**3 + 10*a**2 - 10*a + 18. What is the remainder when h is divided by m(t)?
3
Let p be -6 + 4 - (-2 + 0). Suppose 2*c - 44 = -5*t, -5*c + 4*c + t + 8 = p. Suppose 0*o + 3*o - 135 = 0. Calculate the remainder when o is divided by c.
9
Suppose -88 = -q + 15. Let k = q + -38. Calculate the remainder when k is divided by 34.
31
Let t(d) be the second derivative of -d**5/20 - d**4/4 - 5*d**3/6 - 13*d**2/2 - 22*d. Calculate the remainder when t(-4) is divided by 5.
3
Suppose 31 = d - 10. Let v be (8/(-8))/((-115)/(-58) + -2). Suppose 4*c + z = 53, 5*c + 15*z - 11*z - v = 0. Calculate the remainder when d is divided by c.
13
Let m(b) = 7*b - 12. Let i = -19 + 7. Let q = i - -18. What is the remainder when q is divided by m(2)?
0
Let k = 12 - 5. Suppose 8*c + 378 = 15*c. Calculate the remainder when c is divided by k.
5
Let c = 786 + -558. What is the remainder when c is divided by 75?
3
Let u = -30 + 35. Suppose -u*v = -4*z + 50, -3*z + 3*v + 13 + 26 = 0. Calculate the remainder when 59 is divided by z.
14
Let o = 22 + -18. Suppose -12 = -2*b + y, o*b = 5*y + 11 + 7. What is the remainder when 47 is divided by b?
5
Let m(j) = -j**3 + j**2 + j + 168. Calculate the remainder when m(0) is divided by 9.
6
Let r = 387 + -338. Suppose w + w = -8. What is the remainder when r is divided by 126/10 + w/(-10)?
10
Let r(u) = 6*u**2 - 3*u + 3. Let z be r(2). Let n(y) = -2*y**3 + 40*y**2 + 46*y - 28. Calculate the remainder when 278 is divided by n(z).
54
Suppose 0*a = 4*a + 3*d - 83, -a = 5*d - 42. Suppose 2*v + 2*v = -5*q + 332, 5*v + 2*q - 415 = 0. Let k = -77 + v. What